se 13, what is 6b6 + -1?
6b5
In base 14, what is db - 10?
cb
In base 16, what is -f - -158?
149
In base 13, what is 100a3 + -2?
100a1
In base 4, what is -13 - -112?
33
In base 8, what is -4 + 100?
74
In base 15, what is 18 - -43?
5b
In base 6, what is -4 + 3343?
3335
In base 9, what is -3305 + 1?
-3304
In base 15, what is 5 - -8a?
90
In base 11, what is 5 - -96?
a0
In base 11, what is -268 + -2?
-26a
In base 9, what is 3 - -50?
53
In base 5, what is -200 + -10?
-210
In base 8, what is 32 + 4?
36
In base 4, what is 3003 + -13?
2330
In base 13, what is 12 - 11?
1
In base 6, what is 0 + -52?
-52
In base 10, what is -85 + 1?
-84
In base 3, what is -12 - -11120?
11101
In base 13, what is -14 - 1?
-15
In base 12, what is 11 - 11?
0
In base 10, what is -15 - -161?
146
In base 7, what is -5 - -3433?
3425
In base 12, what is -9 + -952?
-95b
In base 14, what is -c1b + -2?
-c1d
In base 16, what is 2 - -121?
123
In base 8, what is 567 - 4?
563
In base 3, what is -102 - 102202?
-110011
In base 6, what is -100 + 24?
-32
In base 13, what is -6 - 2b?
-34
In base 7, what is -1163 + 4?
-1156
In base 16, what is -4 + 8?
4
In base 4, what is 1 + -1002?
-1001
In base 13, what is 77 + -4a?
2a
In base 8, what is -13 - -1053?
1040
In base 13, what is -19 + c?
-a
In base 2, what is 11 + 1101?
10000
In base 4, what is -122233 - -2?
-122231
In base 3, what is 1 + 110101?
110102
In base 6, what is 1330 + 0?
1330
In base 6, what is 43113 - 0?
43113
In base 11, what is -4 - -18?
14
In base 12, what is -6 - 558?
-562
In base 5, what is -2010 + -4?
-2014
In base 6, what is -30 - -4140?
4110
In base 15, what is 16 + 0?
16
In base 6, what is 22 - -204?
230
In base 2, what is 11 + -11110111110?
-11110111011
In base 4, what is -1 - -121?
120
In base 8, what is 4 + 150?
154
In base 13, what is 103 + a?
110
In base 4, what is 1 - -12331?
12332
In base 4, what is -13323 - 0?
-13323
In base 9, what is 5 - -37?
43
In base 16, what is -482 + 4?
-47e
In base 7, what is 3 + 265?
301
In base 13, what is 1215 - 3?
1212
In base 4, what is -3 - -21010?
21001
In base 6, what is -11 + -421?
-432
In base 4, what is 10 - 232?
-222
In base 9, what is 108 - 27?
71
In base 16, what is 5153 + 2?
5155
In base 10, what is 3176 + -3?
3173
In base 8, what is -64 - 1?
-65
In base 7, what is 2023 + -5?
2015
In base 11, what is a3 - -237?
32a
In base 7, what is 63 - -35?
131
In base 11, what is -12 + -26?
-38
In base 4, what is 3 - -1033?
1102
In base 16, what is 1ed7 + 1?
1ed8
In base 14, what is -5 + -4c?
-53
In base 2, what is 111111 - 1000?
110111
In base 13, what is -5 + -366?
-36b
In base 16, what is -19 + -7?
-20
In base 2, what is 10 - -100001?
100011
In base 13, what is -7 - a?
-14
In base 2, what is 10 - -1100?
1110
In base 7, what is 441 - 110?
331
In base 13, what is -3 - 513?
-516
In base 8, what is 4 - 1010?
-1004
In base 15, what is 1a5 + 2?
1a7
In base 9, what is -1288 - -1?
-1287
In base 8, what is 244 - 42?
202
In base 10, what is -2307 + 2?
-2305
In base 9, what is 26 - 76?
-50
In base 5, what is -43 - -111?
13
In base 15, what is -19 - 1a?
-34
In base 15, what is -2 - -35?
33
In base 5, what is 3444 - -3?
4002
In base 9, what is -5 + -1821?
-1826
In base 16, what is 4 + 5?
9
In base 8, what is -360 - 5?
-365
In base 10, what is 314 - -5?
319
In base 16, what is -86 - 2?
-88
In base 3, what is 1120 + -110?
1010
In base 7, what is 15265 + 0?
15265
In base 2, what is 1001100011111 + 1?
1001100100000
In base 5, what is 11 - -42?
103
In base 8, what is -1030 + -1?
-1031
In base 3, what is 12 - -20?
102
In base 4, what is -2111 + 23?
-2022
In base 10, what is -4 - -9?
5
In base 7, what is -1020 - -12?
-1005
In base 11, what is 2a4 + -4?
2a0
In base 8, what is -5 - -1526?
1521
In base 12, what is 7 + -b?
-4
In base 15, what is 6 - 385?
-37e
In base 3, what is -11 + -11221?
-12002
In base 15, what is 2 + -30?
-2d
In base 13, what is 48 + -3?
45
In base 11, what is -402 - -3?
-3aa
In base 12, what is -17 - 6?
-21
In base 12, what is 0 + 43?
43
In base 13, what is -17 + 7?
-10
In base 7, what is -1100 + 11?
-1056
In base 9, what is -30756 - -4?
-30752
In base 11, what is 36 - -23?
59
In base 15, what is 5 + 6?
b
In base 6, what is 13 - -142?
155
In base 8, what is -4 - -507?
503
In base 10, what is 20 + 214?
234
In base 2, what is 10101 - 1011011100?
-1011000111
In base 13, what is -b + 78?
6a
In base 15, what is -3 + 18d?
18a
In base 15, what is 99 - 16?
83
In base 8, what is -21615 - -2?
-21613
In base 15, what is -a7 - 2?
-a9
In base 5, what is -412 + 1410?
443
In base 8, what is -215 - 3?
-220
In base 4, what is 112121 + 0?
112121
In base 4, what is 2103 + 11?
2120
In base 8, what is 4 - -57?
63
In base 9, what is 0 + -3447?
-3447
In base 15, what is 11c3a - 1?
11c39
In base 12, what is 411 - -6?
417
In base 7, what is 31 - -316?
350
In base 9, what is 3 - -2500?
2503
In base 7, what is 144 - 50?
64
In base 6, what is -4 - 112?
-120
In base 15, what is -20 + -143?
-163
In base 12, what is aa - 3?
a7
In base 14, what is 3 - -258?
25b
In base 9, what is -46 + 0?
-46
In base 11, what is 65 + -5a?
6
In base 15, what is -24 + 16?
-d
In base 16, what is 26 + 1?
27
In base 12, what is -1755 - 4?
-1759
In base 8, what is -4 - -11541?
11535
In base 10, what is 106 + 8?
114
In base 5, what is -3 - -104?
101
In base 15, what is 28b + 5?
291
In base 2, what is -1101111 + 1?
-1101110
In base 16, what is -9a + 1?
-99
In base 15, what is 59 + 39?
93
In base 16, what is 0 - 4e1?
-4e1
In base 14, what is 36 - 0?
36
In base 11, what is 1 + 102?
103
In base 15, what is 16 - b?
a
In base 7, what is -112 + 1?
-111
In base 2, what is -1000110 + -100?
-1001010
In base 14, what is 5 + -1002?
-ddb
In base 3, what is 12 - -2200?
2212
In base 7, what is -4 + 3240?
3233
In base 13, what is -20 - 385?
-3a5
In base 4, what is 10 - -20?
30
In base 11, what is 1 - -9?
a
In base 3, what is 20102 - -12?
20121
In base 5, what is 23421 + 0?
23421
In base 13, what is 38a - 4?
386
In base 5, what is 10 - 1301?
-1241
In base 14, what is 340 + 2?
342
In base 8, what is 61 - 13?
46
In base 13, what is 1b + 8?
26
In base 3, what is -1201 - 2?
-1210
In base 15, what is 95 - 1?
94
In base 8, what is 3 + 36?
41
In base 15, what is a4e - -1?
a50
In base 9, what is 168 + -78?
80
In base 2, what is 100 + 1001111000?
1001111100
In base 11, what is 2 + -10?
-9
In base 6, what is -11302 - -5?
-11253
In base 8, what is 4 - 1575?
-1571
In base 7, what is 30043 - -2?
30045
In base 7, what is 4506 - 1?
4505
In base 3, what is -11 - 200?
-211
In base 7, what is 5 - -50?
55
In base 14, what is -2 + a4?
a2
In base 8, what is 30 - 21?
7
In base 13, what is 3 + -26?
-23
In base 12, what is -2 - -2110?
210a
In base 11, what is 12 - -6?
18
In base 8, what is -1563 + -1?
-1564
In base 11, what is -35520 + -3?
-35523
In base 14, what is -2d + 3?
-2a
In base 11, what is 2 + -69?
-67
In base 7, what is -1 + 11461?
11460
In base 5, what is 10 + -4?
1
In base 8, what is 6 + -5?
1
In base 2, what is -10100 - -110110?
100010
In base 3, what is -122200 + 10?
-122120
In base 7, what is -13 + -14?
-30
In base 13, what is 47 + 34?
7b
In base 14, what is 4 + 33?
37
In base 11, what is -2 + -51a4?
-51a6
In base 6, what is 1303 - -4?
1311
In base 6, what is 3152 + 22?
3214
In base 12, what is -42b + 0?
-42b
In base 12, what is 399 - -7?
3a4
In base 12, what is -77 - 5?
-80
In base 11, what is -24a + -9?
-258
In base 9, what is 0 - 118?
-118
In base 10, what is 507 + 4?
511
In base 11, what is -138 + 13?
-125
In base 3, what is -1 - 11210?
-11211
In base 16, what is -16e + -4?
-172
In base 8, what is 1425 - 1?
1424
In base 2, what is -111110 - 110?
-1000100
In base 14, what is 5 + 14?
19
In base 3, what is -2110100 + 0?
-2110100
In base 2, what is -101 - 11111?
-100100
In base 12, what is 2b8 + 18?
314
In base 3, what is -11 - 1111212?
-1112000
In base 4, what is 331 - -102?
1033
In base 9, what is 48 + -3?
45
In base 12, what is 3 + a?
11
In base 2, what is -1001001010 + -11?
-1001001101
In base 4, what is -302 + 32?
-210
In base 2, what is -100 + -101011?
-101111
In base 6, what is -1404 - -1?
-1403
In base 16, what is -5 - 43?
-48
In base 12, what is 146 + 17?
161
In base 3, what is -200 + -12?
-212
In base 8, what is -16 + -2?
-20
In base 15, what is -d14 - -